 u be ((-33)/2)/(k/(-14)). Let m = 407 + u. What is the highest common divisor of m and 16?
16
Let m(k) = 2*k**2 + 5*k - 2. Let t be m(-4). Suppose -14*v = -t*v - 232. Calculate the greatest common divisor of 87 and v.
29
Let x be (9/6)/((-6)/(-40)). Calculate the greatest common divisor of x and 5.
5
Let o = 25 - 5. Suppose 2*u - 52 = -v + 48, -3*u = v - 150. What is the greatest common factor of o and u?
10
Let u(v) = v**3 - 2*v**2 + 3*v - 3. Let b be u(2). Suppose b*i - 89 = z, i - z = 7 + 22. Calculate the highest common factor of 10 and i.
10
Suppose 0 - 3 = -i. Let d = i + -3. Suppose -w + 24 = -d*w. What is the greatest common divisor of w and 36?
12
Let i be (-2)/(-2 - 0) + 1. Suppose -i*p + 22 = 2*m, -2*p + 7 + 1 = 0. Calculate the greatest common factor of 1 and m.
1
Let g = 6 + -2. Suppose 0 = -3*a - 5 - 19. Let z be a*-11*(-2)/(-4). What is the greatest common divisor of z and g?
4
Let h = 3 + 1. Let q(v) = -3*v - 2 + 3*v**2 + h*v + 3*v**2. Let p be q(3). What is the greatest common factor of p and 5?
5
Let l be 5 - 0 - (-2 + 2). Let j = 42 + -7. Calculate the greatest common factor of l and j.
5
Let u be 10/(-15) + (-2722)/(-6). Suppose -4*q + 443 = -u. Let t = q - 143. Calculate the highest common divisor of 9 and t.
9
Suppose 0 = 4*n - g - 2*g - 21, -3 = -5*n - 4*g. Suppose 2*u - a - 43 = 0, 3*u - 4*u - 4*a + 17 = 0. Calculate the greatest common factor of u and n.
3
Let w(r) = r**3 - 14*r**2 + 24*r + 14. Let n be w(12). Calculate the greatest common factor of n and 42.
14
Suppose 7*t - 35 = 2*t - 2*f, 2*t = -2*f + 20. Suppose y = t*v - 4*y - 5, y + 9 = 5*v. What is the greatest common divisor of v and 2?
2
Suppose -2*p + 2*b = -20, 2*p + 2*b = -b + 15. Let u = -95 + 167. What is the highest common divisor of p and u?
9
Let r be (-4)/(((-4)/(-6))/(-1)). Let d be (6/10)/((-1)/(-185)). Suppose 4*p - k - 243 = -2*k, -2*p = -3*k - d. Calculate the highest common factor of p and r.
6
Let x(g) = -3*g + 1. Let a be x(-3). Suppose -2*j = -4*j + a. Let n(p) = 8*p - 2. Let w be n(4). What is the greatest common factor of w and j?
5
Suppose 2*r + s = 5*r - 8, 5*s = -2*r + 28. Calculate the greatest common divisor of r and 5.
1
Let p be -5*(-4)/(3 - -1). What is the highest common divisor of 15 and p?
5
Let j = -31 + 79. Let i be (-1)/(-1*2/j). Calculate the highest common factor of i and 12.
12
Let i be -9*(-4 + 1 - -1). Calculate the greatest common factor of 45 and i.
9
Let m be ((-14)/(-6) + -3)/(5/(-195)). What is the greatest common factor of 286 and m?
26
Let y(c) = 2*c**3 - 2*c**2 + 4. Let n be y(3). Let z = 40 + n. What is the greatest common factor of 10 and z?
10
Suppose -2*x - 3*x = 0, -20 = -4*k + 2*x. Suppose 261 = k*i - 84. Calculate the greatest common divisor of 46 and i.
23
Let r(k) = k**3 - 10*k**2 + 4. Let a be r(10). Let d = -1 + 2. What is the greatest common divisor of d and a?
1
Let m = -46 + 256. Suppose -54 - m = -3*f. What is the highest common factor of 11 and f?
11
Suppose -4 = -3*p - 5*d, -5*d = 3 + 17. Calculate the highest common divisor of p and 16.
8
Let r(p) = -p + 1. Let i be r(-4). Let f be (10 - 0)*12/i. What is the greatest common divisor of 12 and f?
12
Let a be 20/(-3)*(2 - (-19)/(-2)). Calculate the highest common divisor of a and 400.
50
Let s be (-8)/(4 + -3)*-1. Suppose -3*l + s = -l. What is the greatest common divisor of 4 and l?
4
Suppose 59*g = 58*g + 17. What is the highest common factor of 68 and g?
17
Let g(t) = -3*t**3 - 4*t**2 - t - 3. Let c be g(-3). Let x(q) = 10*q + 1 - 3*q + 0. Let i be x(2). What is the greatest common factor of c and i?
15
Let r be 3 + -4 - (10 + -1). Let p(q) = -5*q - 8. Let n be p(r). Suppose -s - 3*z = 9, -z = -3*s - 5*z - 2. What is the highest common factor of s and n?
6
Let m be 2 + (1 - -9) - 3. Let c(f) = f**2 + 2*f - 2*f**2 - 6 + 9*f. Let n be c(m). What is the greatest common factor of 96 and n?
12
Let t be (2 + (-2 - 0))/2. Suppose t = u - 2*u. Let f = 5 + u. Calculate the highest common factor of 25 and f.
5
Suppose 0 = -5*z - 3*a + 97, -7*z + 6*z + 24 = -4*a. Calculate the greatest common factor of z and 40.
20
Let b = 26 + -14. Suppose -2*l + 2*t = -0*t - 2, 3*t = -2*l + b. Suppose l*w - 5 = 5*o + 6, o = 5. Calculate the highest common factor of w and 24.
12
Let d be (-2)/10 - (-66)/5. Let q(s) = s**3 + s**2 - s + 2. Let l be q(0). Let z be ((-520)/(-8))/(l/2). What is the greatest common divisor of z and d?
13
Let l = 11 - 9. Suppose -400 = -3*f + l*m, 5*f - 676 = 2*m - m. Suppose 0 = -5*z - 1 + f. Calculate the greatest common divisor of 18 and z.
9
Let u be (6/4)/((-3)/(-32)). Suppose 3*p = 3*k + 2*k + 980, -5*p = -3*k - 588. Let t = 340 + k. Calculate the greatest common factor of t and u.
16
Let t(d) = d**2 - 5*d + 9. Let s be t(3). Calculate the greatest common divisor of s and 2.
1
Suppose 0 = -b - 4*w + 4, -5*b + 2 = w - 37. Let a = 95 - 23. What is the highest common divisor of a and b?
8
Let q = 40 + -21. What is the greatest common factor of 19 and q?
19
Let j(k) = -33*k. Let l be j(-2). Let d be ((-1)/(6/(-4)))/((-24)/(-396)). Calculate the greatest common divisor of d and l.
11
Let c(u) = -u + 2. Let f be c(-5). Let h = 19 - f. Suppose g - 28 = -3*x, -2*x + h = 3*g - 16. What is the greatest common factor of x and 16?
8
Let g = -20 - -26. What is the highest common factor of g and 9?
3
Suppose -4*a + 38 = -5*k - 2, a + 4*k = -11. Suppose -4*s + 24 = -2*o, 0*o = o + 2. Calculate the highest common divisor of s and a.
5
Suppose -4*w + x + 0*x + 283 = 0, 0 = -4*w + 3*x + 273. Let q = 253 - 244. What is the highest common factor of q and w?
9
Suppose 10*u - 12*u + 20 = 0. Suppose 0 = 2*n - s - 6, -4*s - 6 = -s. Suppose 2*g - 320 = -n*g. What is the greatest common divisor of g and u?
10
Let t = 53 + -34. Suppose -a + t = 3. What is the greatest common divisor of a and 40?
8
Suppose 3*m + u - 6 = -3*u, 4*m - 39 = 5*u. Let c(k) = -k**2 - 15*k + 2. Let l be c(-7). Let s = 112 - l. What is the highest common factor of s and m?
6
Suppose 16 + 59 = 3*l. Calculate the greatest common factor of l and 200.
25
Suppose 0*y - 4 = -2*y, 5*y = -2*b + 34. Suppose 0*u + 2*u - b = 0. Calculate the greatest common factor of u and 2.
2
Let j be 12/78 + 200/52. What is the highest common divisor of j and 2?
2
Let p be 0 + 1 + (74 - 1). Suppose w + t = 6*t + 19, 3*w + 2*t = p. What is the greatest common factor of 8 and w?
8
Let z(x) = 2*x**2 + 4*x + 6. Let p be z(-3). Calculate the highest common factor of 48 and p.
12
Let b = 32 - 3. Let k = 354 - 209. Calculate the greatest common factor of k and b.
29
Suppose -2 + 14 = 6*d. What is the highest common divisor of d and 16?
2
Let x = -78 - -148. Calculate the highest common factor of x and 28.
14
Let g = -7 - -12. Suppose g*w = -3*h + 3*w + 461, 3*w - 462 = -3*h. Suppose -3*v - 2 = -p, 6*p - p - 3*v = 70. Calculate the greatest common factor of p and h.
17
Let q(g) = -10*g**2 - g**3 + g - 3*g - 5 + 4*g**2. Let k be q(-6). Suppose -2 = -z, -p - z + k = -0*p. Calculate the greatest common divisor of p and 15.
5
Let r(w) = -w**2 + 10*w - 16. Let y be r(7). Calculate the highest common factor of 5 and y.
5
Let n = 12 - 7. Suppose n*k = 3*k - 10, -4*k = f - 150. What is the highest common factor of 34 and f?
34
Let m(a) = a**2 + 13*a + 3. Let r be m(-15). Calculate the greatest common divisor of 3 and r.
3
Let n be (-3)/1 - (0 + 5 + -36). Calculate the greatest common divisor of n and 7.
7
Suppose 23 = -4*k + 5*k. Calculate the greatest common factor of 23 and k.
23
Suppose k - 55 = 22. Let d be (-14)/(-7)*(-1)/(-2). Let p be (24/2)/2 + d. Calculate the greatest common factor of p and k.
7
Suppose -4*a = -3*f + 9, 20 = 2*f + 4*a - 6. What is the highest common factor of f and 56?
7
Let h(a) = -5*a - 4. Let q be h(-4). Calculate the greatest common factor of 2 and q.
2
Let g be -3 - 33/(-1 - 2). Suppose -7*m = -5*m - g. What is the highest common divisor of 1 and m?
1
Suppose 0 = 2*i - i - 5*z - 79, 3*i - 4*z - 204 = 0. Calculate the greatest common factor of 8 and i.
8
Suppose -5 = -t + 2*t. Let i be (t/2)/((-3)/(-6)). Let x(r) = -3*r - 5. Let a be x(i). Calculate the highest common factor of a and 5.
5
Let n be ((-2)/3)/((-1)/9426). Let d be n/44 - 2/(-11). What is the greatest common factor of 13 and d?
13
Let